{"id":83,"date":"2015-07-18T10:33:20","date_gmt":"2015-07-18T08:33:20","guid":{"rendered":"http:\/\/localhost:8888\/?page_id=83"},"modified":"2018-08-04T14:52:02","modified_gmt":"2018-08-04T12:52:02","slug":"liens","status":"publish","type":"page","link":"https:\/\/nihontaijitsu.org\/?page_id=83","title":{"rendered":"Liens"},"content":{"rendered":"<p>&nbsp;<\/p>\n<p style=\"text-align: center;\"><a href=\"http:\/\/nihontaijitsu.org\/wp-content\/uploads\/2015\/07\/image1.jpg\"><img loading=\"lazy\" class=\"alignnone wp-image-114 size-full\" src=\"http:\/\/nihontaijitsu.org\/wp-content\/uploads\/2015\/07\/image1.jpg\" alt=\"image\" width=\"250\" height=\"291\" \/><\/a><\/p>\n<p style=\"text-align: center;\"><a href=\"http:\/\/www.nihon-tai-jitsu.fr\">Site de la f\u00e9d\u00e9ration Fran\u00e7aise du Nihon Ta\u00ef Jitsu :<\/a><\/p>\n<p style=\"text-align: center;\"><a href=\"http:\/\/www.nihon-tai-jitsu.fr\">www.nihon-tai-jitsu.fr<\/a><\/p>\n<p style=\"text-align: center;\"><a href=\"http:\/\/www.fmnitai.com\/\">Site de la f\u00e9d\u00e9ration Mondiale de Nihon Ta\u00ef-Jitsu<\/a><\/p>\n<p style=\"text-align: center;\"><a href=\"http:\/\/www.fmnitai.com\/\">http:\/\/www.fmnitai.com\/<\/a><\/p>\n<p>&nbsp;<\/p>\n<p style=\"text-align: center;\"><a href=\"http:\/\/nihontaijitsu.org\/wp-content\/uploads\/2015\/07\/image.jpg\"><img loading=\"lazy\" class=\"alignnone wp-image-112 size-medium\" src=\"http:\/\/nihontaijitsu.org\/wp-content\/uploads\/2015\/07\/image-300x188.jpg\" alt=\"image\" width=\"300\" height=\"188\" srcset=\"https:\/\/nihontaijitsu.org\/wp-content\/uploads\/2015\/07\/image-300x188.jpg 300w, https:\/\/nihontaijitsu.org\/wp-content\/uploads\/2015\/07\/image-380x239.jpg 380w, https:\/\/nihontaijitsu.org\/wp-content\/uploads\/2015\/07\/image.jpg 382w\" sizes=\"(max-width: 300px) 100vw, 300px\" \/><\/a><\/p>\n<p style=\"text-align: center;\"><a href=\"http:\/\/www.ffkarate.fr\">Site de la f\u00e9d\u00e9ration Fran\u00e7aise de Karate :<\/a><\/p>\n<p style=\"text-align: center;\"><a href=\"http:\/\/www.ffkarate.fr\">www.ffkarate.fr<\/a><\/p>\n","protected":false},"excerpt":{"rendered":"<p>&nbsp; Site de la f\u00e9d\u00e9ration Fran\u00e7aise du Nihon Ta\u00ef Jitsu : www.nihon-tai-jitsu.fr Site de la f\u00e9d\u00e9ration Mondiale de Nihon Ta\u00ef-Jitsu http:\/\/www.fmnitai.com\/ &nbsp; Site de la f\u00e9d\u00e9ration Fran\u00e7aise de Karate : www.ffkarate.fr<\/p>\n","protected":false},"author":2,"featured_media":0,"parent":0,"menu_order":6,"comment_status":"closed","ping_status":"closed","template":"","meta":[],"_links":{"self":[{"href":"https:\/\/nihontaijitsu.org\/index.php?rest_route=\/wp\/v2\/pages\/83"}],"collection":[{"href":"https:\/\/nihontaijitsu.org\/index.php?rest_route=\/wp\/v2\/pages"}],"about":[{"href":"https:\/\/nihontaijitsu.org\/index.php?rest_route=\/wp\/v2\/types\/page"}],"author":[{"embeddable":true,"href":"https:\/\/nihontaijitsu.org\/index.php?rest_route=\/wp\/v2\/users\/2"}],"replies":[{"embeddable":true,"href":"https:\/\/nihontaijitsu.org\/index.php?rest_route=%2Fwp%2Fv2%2Fcomments&post=83"}],"version-history":[{"count":8,"href":"https:\/\/nihontaijitsu.org\/index.php?rest_route=\/wp\/v2\/pages\/83\/revisions"}],"predecessor-version":[{"id":160,"href":"https:\/\/nihontaijitsu.org\/index.php?rest_route=\/wp\/v2\/pages\/83\/revisions\/160"}],"wp:attachment":[{"href":"https:\/\/nihontaijitsu.org\/index.php?rest_route=%2Fwp%2Fv2%2Fmedia&parent=83"}],"curies":[{"name":"wp","href":"https:\/\/api.w.org\/{rel}","templated":true}]}}

<p>&nbsp;</p>
<p style="text-align: center;"><a href="http://nihontaijitsu.org/wp-content/uploads/2015/07/image1.jpg"><img loading="lazy" class="alignnone wp-image-114 size-full" src="http://nihontaijitsu.org/wp-content/uploads/2015/07/image1.jpg" alt="image" width="250" height="291" /></a></p>
<p style="text-align: center;"><a href="http://www.nihon-tai-jitsu.fr">Site de la fédération Française du Nihon Taï Jitsu :</a></p>
<p style="text-align: center;"><a href="http://www.nihon-tai-jitsu.fr">www.nihon-tai-jitsu.fr</a></p>
<p style="text-align: center;"><a href="http://www.fmnitai.com/">Site de la fédération Mondiale de Nihon Taï-Jitsu</a></p>
<p style="text-align: center;"><a href="http://www.fmnitai.com/">http://www.fmnitai.com/</a></p>
<p>&nbsp;</p>
<p style="text-align: center;"><a href="http://nihontaijitsu.org/wp-content/uploads/2015/07/image.jpg"><img loading="lazy" class="alignnone wp-image-112 size-medium" src="http://nihontaijitsu.org/wp-content/uploads/2015/07/image-300x188.jpg" alt="image" width="300" height="188" srcset="https://nihontaijitsu.org/wp-content/uploads/2015/07/image-300x188.jpg 300w, https://nihontaijitsu.org/wp-content/uploads/2015/07/image-380x239.jpg 380w, https://nihontaijitsu.org/wp-content/uploads/2015/07/image.jpg 382w" sizes="(max-width: 300px) 100vw, 300px" /></a></p>
<p style="text-align: center;"><a href="http://www.ffkarate.fr">Site de la fédération Française de Karate :</a></p>
<p style="text-align: center;"><a href="http://www.ffkarate.fr">www.ffkarate.fr</a></p>

<p>&nbsp; Site de la fédération Française du Nihon Taï Jitsu : www.nihon-tai-jitsu.fr Site de la fédération Mondiale de Nihon Taï-Jitsu http://www.fmnitai.com/ &nbsp; Site de la fédération Française de Karate : www.ffkarate.fr</p>
